mon factor of 40 and d?
8
Let s be (-2)/3 - 1544/(-12). Calculate the greatest common factor of 16 and s.
16
Let x be (14 + -1)/(-4*7/(-84)). Let a = 203 - 125. Calculate the highest common factor of x and a.
39
Let p(s) be the first derivative of -11*s**2 - 6*s + 1. Suppose 0 = -18*d - 9 - 81. Let q be p(d). What is the highest common divisor of q and 13?
13
Suppose g - 145 = -0*g + 5*x, 3*g = -2*x + 350. Let o(n) = 3*n - 6. Let u be o(7). Calculate the highest common divisor of u and g.
15
Let o(c) = 5*c + 69. Let d be o(3). Calculate the greatest common divisor of d and 1491.
21
Let o(k) = k**2 - 3*k - 15. Let v(w) = 3*w**2 - 8*w - 45. Let n(b) = 17*o(b) - 6*v(b). Let z be n(0). Calculate the greatest common factor of z and 195.
15
Suppose 0*z - 525 = -5*z. Suppose 0 = -5*j - 3*o + 266 - 46, 2*o = 0. Suppose a = j - 2. Calculate the greatest common divisor of z and a.
21
Let l be (-3)/(156/(-1084)) + (-30)/(-195). What is the greatest common factor of 329 and l?
7
Let m be 33/(-2)*-1*(-52)/(-39). What is the greatest common factor of 3 and m?
1
Let a be 6/(-10)*(-24)/(-36)*-50. Suppose -a = -2*y + 5*d, 2*y = -d + 14 + 6. What is the highest common factor of 15 and y?
5
Let q be 14/(-6)*156/(-2). Let w be -2*(-13)/(-3)*-3. What is the greatest common divisor of q and w?
26
Let b(i) = 4*i**3 + 3*i**2 - 4. Let o be b(2). Let p = 85 - o. What is the greatest common factor of p and 5?
5
Let g(p) be the second derivative of 3*p**5/20 + p**4/4 - 2*p**3/3 + p**2/2 + 11*p. Let k be g(2). What is the greatest common divisor of k and 87?
29
Let u = 125 - 122. Calculate the greatest common divisor of 6 and u.
3
Let f be (18/(-12))/(2/(112/(-6))). What is the highest common factor of 112 and f?
14
Let g be (252/(-90))/((-3)/435). What is the highest common factor of 14 and g?
14
Let h = 6 - 3. Let d = -125 + 129. Let x be d/(-12)*h*-11. Calculate the greatest common divisor of 33 and x.
11
Suppose -7*g - 149 + 541 = 0. What is the highest common factor of g and 196?
28
Let p(x) = 2*x - 1. Let w be p(3). Suppose h = 5*s + w, 4*s - h + 1 = -4. Suppose s*f = 5*f - 75. What is the highest common divisor of f and 10?
5
Let u(r) = -r**2 + 10*r - 1. Let l be u(11). Let q be (l/(-10))/(12/440). What is the greatest common divisor of 33 and q?
11
Let a(n) = -7*n - 9*n + 2*n + 4*n. Let v be a(-8). Calculate the highest common divisor of v and 32.
16
Let q be (-1)/(26/(-72) - (-8)/24). Calculate the greatest common divisor of q and 72.
36
Let x = -405 + 477. What is the greatest common factor of 792 and x?
72
Suppose 111 = a - 2*b + 6*b, 3*b + 189 = 2*a. Calculate the greatest common divisor of 18 and a.
9
Let l = 4 - 6. Let z be 4/8 + (-5)/l. Suppose -z*b + 547 = 169. Calculate the greatest common factor of b and 14.
14
Let k(b) = -b**2 + 5*b + 1. Let i be k(5). Suppose -2*j + 9 = -3*y + 1, 0 = j + 4*y - 15. Suppose j*p - 48 = 8. Calculate the highest common factor of p and i.
1
Let c = 1303 - 958. What is the greatest common divisor of c and 60?
15
Suppose -4*q - 132 = 3*u - 5*u, -4*q - 280 = -4*u. Calculate the highest common divisor of 407 and u.
37
Let q = -3 - -9. Suppose -q*g + 7*g - 75 = 0. What is the highest common divisor of 30 and g?
15
Let y(g) = -17*g - 7*g - 3 + 2 - 2. Let h be y(-2). What is the greatest common factor of 9 and h?
9
Let x = 578 + -566. What is the greatest common divisor of x and 84?
12
Let m = -87 - 4. Let b = m + 300. What is the greatest common factor of 19 and b?
19
Let l be (-2 - 2)*238/(-8). Suppose 13*f + 2*n - 57 = 10*f, -5 = -f + 4*n. What is the greatest common factor of f and l?
17
Suppose 2*j - 443 - 69 = 0. Let o = -8577 - -8593. What is the greatest common divisor of j and o?
16
Suppose 2*k - 1081 - 579 = 0. Calculate the greatest common factor of 10 and k.
10
Let b be (-80)/(-6)*(189/6)/7. Calculate the highest common divisor of b and 36.
12
Let r(z) = -21*z + 1. Let m be r(-1). Suppose 0 = -33*q - 404 + 4034. What is the greatest common factor of m and q?
22
Let c be (-32)/(-11 - -3) + (570 - 0). What is the greatest common divisor of c and 82?
82
Let s(n) = -3*n + 11. Let g be s(-5). Let k be 975/g - (0 - (-6)/(-4)). Calculate the greatest common factor of k and 3.
3
Let w(z) = -z**2 + 4*z - 3. Let n be w(5). Let h = -6 - n. Suppose h*y + 37 = 5*b - 638, 2*y + 135 = b. Calculate the highest common factor of 15 and b.
15
Suppose 3 = 3*x - 237. Let o = -54 + x. Calculate the greatest common divisor of 208 and o.
26
Let q(a) = 246*a + 22. Let w be q(3). What is the highest common divisor of w and 19?
19
Let i be (-2)/(-6) + (-5)/15. Let n(j) = 3*j + i*j + 30 - 4*j. Let h be n(0). What is the highest common divisor of 6 and h?
6
Let q(b) = 2*b**2. Let i be q(2). Let z be (-3)/(0 - (-3)/3). Let p be (-6)/(-9) - 1/z. Calculate the greatest common factor of p and i.
1
Let y be 8/(-24)*(0 + 3). Let n be 15 + (y - -1)/(2 - 6). Calculate the highest common factor of 6 and n.
3
Let h be -7 + -7 + (32 - 2). What is the greatest common divisor of h and 392?
8
Let h be (2/(-3))/(5/15). Let g = h - -7. Suppose g*s - 4*s - 36 = 0. Calculate the greatest common divisor of 12 and s.
12
Let x be (1 + 6/3)/(7/91). Suppose 3*b - x = 2*b. What is the greatest common divisor of 26 and b?
13
Let g(h) = 3*h**2 - 6*h + 35. Let z be g(7). Calculate the highest common factor of z and 60.
20
Suppose 0 = -3*g - 6*v + 3*v + 99, g - 4*v - 43 = 0. What is the greatest common divisor of g and 455?
35
Suppose -8*l - 50 + 98 = 0. Calculate the highest common factor of l and 54.
6
Suppose -4*j = 3 - 23. Let y = 0 + j. Let c(u) = -6*u + 94. Let a be c(9). Calculate the highest common factor of a and y.
5
Let a be (5/2)/(50/280). Calculate the greatest common divisor of 63 and a.
7
Let n be -1 - (-12)/(4 - 1). Suppose -6 = -3*f + n*z + 24, 15 = f + 4*z. What is the greatest common divisor of f and 55?
11
Let u = 20 - 15. Suppose -h + 5*i = -26, -5*h - u*i - 5 + 45 = 0. Calculate the highest common divisor of h and 77.
11
Let s = 229 + -181. What is the greatest common divisor of s and 1200?
48
Let o(s) be the first derivative of s**2/2 - 24*s - 36. Let h be o(35). Calculate the greatest common divisor of 11 and h.
11
Let k(d) = -d. Let q(f) = 41*f - 6. Let h(m) = 3*k(m) + q(m). Let j be h(7). Let s = -11 + 37. Calculate the highest common divisor of j and s.
26
Let i = -2 + 16. What is the highest common divisor of 406 and i?
14
Let f(n) = n - 5. Let u be f(4). Let x = 4 + u. Let v = -16 - -28. What is the highest common divisor of x and v?
3
Let o(h) = -h**2 - 7*h - 6. Let z be o(-6). Suppose -23 = -x + d, 4*d + 23 - 3 = z. Calculate the highest common factor of x and 2.
2
Suppose -6 = 2*g, 5*z - 281 = -g - 109. What is the highest common divisor of 5 and z?
5
Let n be 105/(-175) - 26/(-10). What is the greatest common divisor of 78 and n?
2
Suppose -4 = 5*d - 4. Suppose d = -3*r - s + 38, 3*r = r - 3*s + 16. Calculate the greatest common divisor of r and 14.
14
Suppose -4*l = -9*l + 30. Calculate the greatest common divisor of l and 102.
6
Let y(r) = -2*r**2 + 7*r + 5. Let d be y(4). Let o(c) = c + 13. Let g be o(-11). Suppose g*w - 7 = -3. Calculate the highest common divisor of w and d.
1
Suppose -32 + 178 = 2*z. Suppose -3*p = -5*x + z, 26 = 4*x - 2*x + 2*p. What is the greatest common factor of 70 and x?
14
Let o(t) = -2*t**2 - 40*t + 35. Let x be o(-13). Calculate the highest common factor of x and 62.
31
Let r(d) = d + 4. Let z be r(-4). Suppose -4*g - 28 + 32 = z. What is the highest common factor of g and 11?
1
Suppose 5*b - 20 = -5*s, s + 3*b - 1 = b. Let h be (-30)/20*1/3*4. Let y be h/s + 4264/28. Calculate the greatest common factor of y and 19.
19
Let a(s) = 2*s**2 - 43*s - 32. Let n be a(25). Calculate the greatest common factor of 52 and n.
13
Let b(z) = z**2 + 6*z + 20. Let t be b(-7). Let f be -26*((t/(-2))/(-9))/(-3). Let k = 202 - 98. What is the highest common factor of k and f?
13
Suppose m - 11 - 36 = -4*v, -4 = 4*m. Suppose 0 = 2*o + 3*f - 22, -2*f = 2*o - 3*f - 14. What is the greatest common factor of v and o?
4
Suppose 3*s = -3, 3*z + 840 - 2177 = 2*s. What is the greatest common factor of z and 5?
5
Let y = -141 + 149. Let x be (1 + -2)/(-1 + 0). Calculate the greatest common factor of y and x.
1
Let s = 83 - 101. Let m(